 + 2380. Give q(54).
-104
Let x(y) = 11*y**2 - 1555*y - 9673. Give x(-6).
53
Let o(a) = -23*a**3 + 1021*a**2 - 394*a - 97. Determine o(44).
-9
Let q(h) = -h**2 - 1136*h - 12536. What is q(-11)?
-161
Let j(y) = -19*y**3 + 12*y**2 - 8*y + 38. Determine j(4).
-1018
Let s(j) = -j**3 + 4*j**2 - 11360*j + 22722. Calculate s(2).
10
Let w(x) = -14*x**3 + 7*x**2 - 38*x + 320. Calculate w(6).
-2680
Let h(i) = i**3 + 13*i**2 - 41*i - 943. Calculate h(-13).
-410
Let u(p) = p**3 - 9*p**2 - 99*p + 880. Calculate u(11).
33
Let x(b) = -6*b**2 - 129*b + 2297. What is x(12)?
-115
Let g(a) = -12*a**3 - 4116*a**2 + 8286*a + 2066. What is g(-345)?
-4
Let u(w) = 5897*w - 4400. What is u(1)?
1497
Let z(i) = -98*i + 20046. Calculate z(191).
1328
Let r(v) = -4*v**2 - 5927*v + 17814. Determine r(3).
-3
Let v(y) = 4*y**2 - 2331*y - 146566. Determine v(640).
-6
Let j(z) = 439*z - 34261. Calculate j(81).
1298
Let d(x) = -2*x**2 - 800*x - 968. Calculate d(0).
-968
Let j(d) = 3*d**2 - 259*d + 5423. Determine j(48).
-97
Let s(p) = -3*p**3 + p**2 + 23*p - 19. Give s(3).
-22
Let t(x) = 9840*x + 5953229. Give t(-605).
29
Let v(s) = 21*s**2 - 1868*s - 5688. What is v(-3)?
105
Let h(l) = -l**3 - 20*l**2 + 160*l + 2779. Calculate h(-21).
-140
Let y(j) = -j**3 - 49*j**2 + 510*j + 16612. What is y(-16)?
4
Let v(n) = -11*n**2 + 52*n + 128. Determine v(25).
-5447
Let v(k) = 318*k**2 + 642*k + 639. Determine v(-1).
315
Let z(b) = -2*b**2 + 302*b - 11112. What is z(62)?
-76
Let b(q) = -164033*q - 3608707. Give b(-22).
19
Let v(l) = 59*l**2 + 255*l - 497. What is v(-5)?
-297
Let d(i) = -36*i**2 + 1050*i + 897. Calculate d(30).
-3
Let n(g) = g**2 - 1690*g + 80404. Calculate n(49).
-5
Let x(t) = 146*t + 18133. Calculate x(-124).
29
Let b(y) = -87*y**2 + 4857*y + 822. Calculate b(56).
-18
Let a(s) = 8*s**3 + 642*s**2 + 126*s - 2719. Give a(-80).
1
Let r(g) = -2*g**3 + 112*g**2 - 8*g + 273. Give r(56).
-175
Let t(n) = -640*n + 11494. What is t(18)?
-26
Let p(k) = 34212*k - 63429049. Give p(1854).
-1
Let l(y) = -y**2 + 70*y - 238. Determine l(11).
411
Let s(u) = -351*u**2 - 11934*u - 4. Determine s(-34).
-4
Let f(x) = -42*x**2 - 646*x - 32. Give f(-13).
1268
Let k(w) = -w**3 + 308*w**2 + 4538*w + 426. What is k(-14)?
6
Let q(n) = 7403*n - 37050. Determine q(5).
-35
Let m(c) = -2994*c - 6061. What is m(-2)?
-73
Let j(d) = d**2 - 2456*d + 630025. Determine j(291).
10
Let n(s) = -560*s**2 - 4954*s + 367. Determine n(-9).
-407
Let x(i) = -i**3 - 10*i**2 + 9642*i + 171035. Give x(-18).
71
Let v(w) = 2*w**3 + 923*w**2 + 3212*w + 2878. Give v(-458).
130
Let h(z) = -38*z**2 + 25643*z + 30408. Calculate h(676).
-12
Let q(p) = -88*p**3 + 795*p**2 - 22*p - 35. Calculate q(9).
10
Let s(h) = -13762*h + 151370. Determine s(11).
-12
Let d(o) = 11352*o + 13043443. What is d(-1149)?
-5
Let f(s) = 3826*s + 26542. Calculate f(-7).
-240
Let m(y) = -13*y**2 - 316*y - 8. What is m(-25)?
-233
Let b(x) = 5*x**2 - 43197*x + 129575. Give b(3).
29
Let o(z) = 24260*z + 120795. Determine o(-5).
-505
Let i(k) = -732*k**2 - 116*k - 116. Calculate i(-1).
-732
Let n(i) = 14*i**2 - 220*i - 11. Calculate n(0).
-11
Let j(y) = 366*y**2 - 3410*y - 4. Give j(9).
-1048
Let l(s) = -2*s**2 - 67091*s - 670739. Calculate l(-10).
-29
Let f(n) = -226*n + 5611. Give f(28).
-717
Let b(a) = 106*a**3 + a**2 + 49*a + 92. Determine b(-2).
-850
Let h(g) = 3*g**3 - 88*g**2 + 98*g - 818. Determine h(28).
-1210
Let k(q) = -2*q**3 + 137*q**2 - 69*q + 50. Determine k(68).
-18
Let s(h) = 2560*h + 10254. Give s(-4).
14
Let z(q) = -q**2 - 3485*q + 1246530. Determine z(327).
6
Let t(d) = 1301968*d - 1302011. Determine t(1).
-43
Let f(r) = -188885*r + 1322199. Calculate f(7).
4
Let o(d) = 6*d**2 + 3471*d + 3462. What is o(-1)?
-3
Let x(j) = -59380*j - 653173. Determine x(-11).
7
Let q(b) = -10823*b + 129867. Determine q(12).
-9
Let k(n) = -n**2 + 554*n + 26868. What is k(-43)?
1197
Let u(q) = 4*q**2 - 28342*q + 169922. What is u(6)?
14
Let m(k) = k**3 - 166*k**2 + 930*k + 109. Give m(6).
-71
Let a(s) = s**2 - 64*s + 276. Calculate a(16).
-492
Let c(k) = -1194*k + 27749. Give c(25).
-2101
Let s(o) = -o**2 + 131*o + 658. Give s(129).
916
Let u(g) = 1206*g**2 + 39794*g - 117. Determine u(-33).
15
Let g(q) = -q**3 - 12*q**2 - 45*q + 22. Give g(-18).
2776
Let f(s) = 4047*s + 3549246. Give f(-877).
27
Let x(r) = 2777*r - 47117. Give x(17).
92
Let u(c) = 219720*c - 659154. Calculate u(3).
6
Let j(d) = -13865*d + 180239. Calculate j(13).
-6
Let s(u) = -96*u - 9649. Calculate s(-93).
-721
Let p(g) = 1590*g + 25582. Determine p(-16).
142
Let o(i) = -i**3 + 15*i**2 - 65*i + 1083. Calculate o(15).
108
Let m(j) = -8489*j - 84784. What is m(-10)?
106
Let u(m) = m**3 + 29*m**2 - 3799*m - 26173. Determine u(-75).
2
Let x(j) = 815*j + 75660. What is x(-92)?
680
Let s(d) = -d**2 + 901*d - 158151. What is s(238)?
-357
Let j(n) = 2471*n + 128449. What is j(-52)?
-43
Let a(n) = -n**3 + 156*n**2 + 2666*n - 393877. Give a(157).
36
Let l(v) = 17921*v + 358497. Calculate l(-20).
77
Let a(b) = b**3 - 271*b**2 + 235*b + 9278. Determine a(270).
-172
Let h(p) = 73357*p + 660066. Determine h(-9).
-147
Let o(z) = 11*z**2 - 129*z - 192. Determine o(13).
-10
Let l(n) = -n**3 + 26*n**2 + 314*n - 2669. Determine l(33).
70
Let g(h) = h**2 + 1048*h + 117819. Give g(-128).
59
Let k(i) = -35*i**3 - 13158*i**2 + 739*i - 4882. What is k(-376)?
6
Let o(s) = -s**3 - 5*s**2 - 153*s + 918. What is o(6)?
-396
Let k(o) = -164*o**2 - 8071*o + 8070. Determine k(1).
-165
Let t(c) = -23122*c - 484509. Give t(-21).
1053
Let f(l) = -327935*l - 51485798. Determine f(-157).
-3
Let u(g) = -g**3 + 50*g**2 - 414*g - 300. Determine u(11).
-135
Let l(m) = -27*m**2 - 561*m - 2681. Determine l(-9).
181
Let j(k) = -18*k**3 + 420*k**2 + 680*k + 1715. Give j(25).
-35
Let o(g) = -733*g**3 - 12*g**2 + 5*g + 8. Give o(1).
-732
Let b(p) = 12*p**2 + 1634*p + 393. Give b(-136).
121
Let h(v) = -v**3 - 200*v**2 - 2946*v - 245. Give h(-16).
-213
Let k(a) = 5*a**3 + 6*a**2 - 36*a + 50. What is k(2)?
42
Let i(h) = 20*h**2 + 534*h + 241. Calculate i(-24).
-1055
Let l(r) = 1446*r + 28575. Give l(-20).
-345
Let o(z) = -1072*z**3 - 4*z**2 - 197*z + 200. Determine o(1).
-1073
Let s(w) = 10*w**2 + 1243*w + 4002. Calculate s(-121).
9
Let k(n) = -n**3 + 31*n**2 - 408*n + 14160. Determine k(32).
80
Let p(l) = 925*l + 166419. Calculate p(-180).
-81
Let p(c) = -c**3 + 57*c**2 - 544*c + 186. Give p(44).
1418
Let v(m) = 21*m**2 + 624*m + 474. Give v(-29).
39
Let j(a) = a**2 - 242*a + 13330. Calculate j(82).
210
Let p(i) = 7*i**2 + 4826*i + 19289. Determine p(-4).
97
Let x(p) = -4*p**2 - 1988*p - 172544. Calculate x(-385).
-64
Let q(v) = -3*v**3 - 171*v**2 + 204*v + 367. Determine q(-58).
-1373
Let y(t) = 652*t - 71061. Give y(104).
-3253
Let d(g) = -764*g**2 + 251356*g + 83. What is d(329)?
83
Let w(l) = 132156*l + 1057219. Calculate w(-8).
-29
Let o(p) = 21*p**2 + 805*p - 50. Determine o(-38).
-316
Let y(k) = 6*k**3 + 773*k**2 + 1399*k + 210. Determine y(-127).
-44
Let m(o) = 455*o**2 + 51774*o - 10963. What is m(-114)?
-19
Let y(p) = p**3 + 2*p**2 + 28042*p - 84174. What is y(3)?
-3
Let u(x) = 4*x**3 + x**2 - 50*x - 139. Give u(-9).
-2524
Let d(v) = -2*v**2 + 62*v + 330. Give d(-5).
-30
Let k(l) = -82*l**2 + 1897*l - 41. Calculate k(23).
212
Let j(d) = 5*d**2 + 20*d - 229. What is j(-9)?
-4
Let s(k) = 349796*k + 24835533. Give s(-71).
17
Let d(y) = -792*y - 139281. What is d(-175)?
-681
Let y(o) = -8*o**2 - 3406*o + 18086. What is y(-431)?
-16
Let j(n) = -n**2 + 3145*n - 175502. Determine j(57).
514
Let t(i) = 3578*i - 493666. Determine t(138).
98
Let v(r) = 8*r**2 + 73*r + 433. Give v(-9).
424
Let h(i) = -4432*i + 1351751. Give h(305).
-9
Let v(b) = -b**3 - 621*b**2 - 6141*b - 18955. Calculate v(-611).
-14
Let c(t) = 23821*t**2 - 142929*t + 20. What is c(6)?
2
Let p(y) = y**3 - 20*y**2 + 39*y + 676. What is p(12)?
-8
Let d(g) = -1003*g - 247725. Determine d(-247).
16
Let n(z) = -16*z + 1220. Give n(54).
356
Let z(u) = 5*u**2 + 118430*u - 9744888. Determine z(82).
-8
Let z(y) = -33*y**2 - 459*y - 921. What is z(-13)?
-531
Let c(z) = 2120*z + 13050. What is c(-6)?
330
Let a(g) = -9827*g - 235910. Give a(-24).
-62
Let f(d) = 38*d**2 + 1895*d + 10. Determine f(-50).
260
Let r(t) = -t**3 - 6*t**2 - 7*t + 16. Determine r(11).
-2118
Let u(c